 (-1)/(w/(-21) - 2). Calculate the highest common divisor of 7 and u.
7
Suppose 0*b + b + l = 4, -3*b + 16 = 5*l. Suppose -4*k - b*q = -2*k - 12, 0 = -5*k - 3*q + 28. What is the highest common divisor of 35 and k?
5
Suppose 3*o = 4*c + 92, 0*c + 4 = c. Let s(z) = 11*z**2 - 3*z. Let h be s(3). Calculate the highest common divisor of o and h.
18
Suppose 0 = -4*l + 2 + 6. Suppose 0 = -3*n + l*n + 11. Calculate the greatest common divisor of 11 and n.
11
Let t(h) = 11*h**3 - h**2 + 3*h - 1. Let m be t(1). What is the highest common divisor of m and 96?
12
Let s = 53 - 41. What is the greatest common factor of 48 and s?
12
Let x be ((-30)/25)/(2/(-20)). Let r = x + -4. What is the greatest common factor of 72 and r?
8
Suppose -5*s + 12 = 2*u - 57, 93 = 4*u - 5*s. What is the greatest common divisor of 27 and u?
27
Suppose -3*f - 2*f + 135 = 0. Let d be -2 + 2 + (0 - -9). What is the highest common divisor of f and d?
9
Suppose -3*s = -7*s - 2*u + 14, s = -4*u. Suppose -4*k - 6*i + 47 = -i, -s*i - 28 = -5*k. Calculate the highest common divisor of k and 32.
8
Let g(z) = -1. Let i(p) = 4*p - 20. Let u(h) = 120*g(h) - 6*i(h). Let d be u(-6). What is the greatest common divisor of d and 16?
16
Suppose -12 = -5*t - 2*j + 6, 4*t - 17 = j. Let a(c) = 2*c**2 + 4*c + 2. Let h be a(-4). Let i = h + 2. What is the greatest common divisor of i and t?
4
Let i = 10 - -8. What is the highest common factor of 45 and i?
9
Suppose 0 = -4*j - a - 7, -j - 4 = a - 0. Let g(n) = 2*n**2 + 2*n + 1. Let p be g(j). Let c be 15/6 + p/2. What is the greatest common factor of 1 and c?
1
Let f be (-7)/(((-9)/(-3))/(-3)). Let y be (-24)/f*(-21)/2. What is the greatest common factor of y and 12?
12
Let o(u) = -u**3 - 16*u**2 - 15*u + 12. Let m be o(-15). Let d = 18 - m. Calculate the highest common factor of 42 and d.
6
Let a = -6 + 3. Let c(y) = -2*y**3 - 3*y**2 + 4*y + 3. Let x be c(a). What is the greatest common factor of 18 and x?
18
Suppose -303 = -4*i - 43. Suppose 2*f = -3*r + 31, -4*r + 32 = -0*r + 5*f. What is the greatest common divisor of r and i?
13
Let t be 0 + (-5)/5 - -4. What is the highest common factor of t and 21?
3
Let j(y) = -y. Let d be j(-1). Suppose -4 - 5 = -3*n. Suppose 0*b = -3*b + n. Calculate the highest common factor of d and b.
1
Suppose 3*d - 70 = -4*d. What is the highest common divisor of d and 50?
10
Let g(c) = -20*c**3 - c - 2. Let m be g(-2). What is the highest common factor of m and 20?
20
Let i be 5/(-5) - (-1 - 12). Let q = 24 - i. What is the highest common factor of 24 and q?
12
Let q be 2 - ((-4)/1 - -3). Suppose -q*f - 5 = 2*b - 49, -2*b = 2*f - 26. Calculate the highest common divisor of 45 and f.
9
Let r(h) = -h**2 + 4*h + 4. Let v be r(5). Let d be -2 + (17*-1)/v. What is the highest common factor of 90 and d?
15
Let m be 0 + (-3 - -9)/(-3). Let y be 1/(1059/528 + m). What is the highest common divisor of y and 22?
22
Suppose 0 = a + a - 20. Calculate the highest common divisor of 15 and a.
5
Let c be -5 + 4 + 105 - 5. Calculate the highest common factor of 9 and c.
9
Suppose -a + 6 = 4*l - 49, -209 = -4*a - 5*l. Calculate the highest common divisor of 34 and a.
17
Suppose -3*r + 55 = -q, r - 5 - 16 = 3*q. Suppose 4*n = 7 + 29. What is the greatest common divisor of r and n?
9
Suppose 3*x + l - 64 = 0, -2*x + 0*l = -4*l - 38. What is the highest common divisor of x and 7?
7
Suppose g - 2 = 2*a + 44, 5*a - 65 = -2*g. What is the greatest common divisor of 10 and g?
10
Let t be 2505/12 + (-1)/(-4). Let l(n) = 2*n + 7. Let m be l(6). Calculate the greatest common divisor of t and m.
19
Let w(o) = -o - 8. Let n be w(-8). Suppose 2*g + 1 - 5 = n. What is the highest common factor of g and 3?
1
Let z = 69 + -56. Calculate the highest common factor of 156 and z.
13
Let p be 6/(-4) - 351/(-18). Calculate the highest common factor of 27 and p.
9
Suppose -5*a = -249 - 71. Calculate the highest common factor of 16 and a.
16
Let b = -37 + 40. Calculate the highest common divisor of b and 2.
1
Let c(l) = -l**3 + 8*l**2 - 3*l - 1. Let s be c(7). Calculate the greatest common factor of 189 and s.
27
Suppose u = 5*u - 28. Suppose -3*o + u = -2. Calculate the highest common factor of o and 2.
1
Suppose -y + 5*y = 36. What is the highest common divisor of y and 18?
9
Let r be 3*(-2 - (-2 - -1)). Let i = r - -7. Suppose -k + i*w = -16, -2*w + 41 = 4*k + 13. Calculate the highest common divisor of 64 and k.
8
Let q(h) = -1 - h**2 - 13*h**3 + 2*h + 0*h + 0*h**2. Let r be q(-2). Calculate the greatest common divisor of r and 38.
19
Let n be 101 - (1 + (3 - 2)). What is the greatest common factor of n and 9?
9
Suppose 5*a = a - 168. Let z = -27 - a. Suppose -4*y + z = -y. Calculate the greatest common factor of y and 35.
5
Let v = -31 - -67. Calculate the greatest common factor of 18 and v.
18
Suppose -3 = w - 0*d + d, 0 = w - d + 11. Let i be (-2)/w - 1317/(-21). What is the greatest common factor of i and 9?
9
Suppose g = 4*g - 4*s - 870, 5*g + 2*s - 1424 = 0. Let q be g/33 - (-2)/(-3). What is the highest common divisor of 32 and q?
8
Let w = 5 + 3. Suppose 2*v + 2*i = 82, -5*v + i = 5*i - 204. Calculate the highest common divisor of v and w.
8
Let c be 365/15 + (-1)/3. Suppose -3 = -3*s + 6. What is the greatest common factor of s and c?
3
Let w = 67 - 55. Calculate the greatest common divisor of 30 and w.
6
Suppose -m = 4*m - 5. Let v(n) = 13*n - 82. Let o be v(7). What is the highest common divisor of m and o?
1
Suppose -2 + 6 = t, 5*t = -4*m + 220. Suppose -1 = -4*w + 39. Suppose -5*n + 4*n = -w. Calculate the highest common divisor of m and n.
10
Let a(n) = -n**3 + 2*n**2 + 2*n + 2. Let d be a(3). Let c(k) = 32*k**2 - k - 1. Let b be c(d). Calculate the greatest common divisor of 80 and b.
16
Suppose -g + 93 = 9. Calculate the greatest common divisor of g and 21.
21
Suppose 3*p + d = -3*d + 269, 4*d + 491 = 5*p. Suppose -x - 2 = 5. Let l = 31 - x. What is the greatest common divisor of l and p?
19
Let j(u) = 7*u - 6. Let d be j(4). Let r = 264 - 198. What is the greatest common factor of r and d?
22
Let b = 31 - 18. Suppose 3*h + 14 = h. Let j = h + b. Calculate the highest common factor of j and 42.
6
Suppose n = -l + 84, -4*l - l - 3*n + 412 = 0. What is the highest common factor of l and 10?
10
Suppose -14 - 4 = -9*r. Calculate the highest common divisor of r and 2.
2
Let c(o) = -3*o**3 - 4*o**2 + 8*o + 3. Let x be c(-6). Suppose 5*h - x = -9. Suppose 0 = -l + 6*l - h. What is the greatest common divisor of l and 2?
2
Let t(r) = r**2 - 8*r + 17. Let b be t(7). Calculate the highest common divisor of 70 and b.
10
Let y(w) = -2 - 1 + 6*w - 5*w + 2. Let b be y(7). Calculate the highest common factor of b and 15.
3
Suppose 2*j - 330 = -2*f + 3*j, 5*f - 825 = -3*j. What is the greatest common factor of 15 and f?
15
Let o(f) = f**3 - 4*f**2 + 4*f - 5. Let l = 7 + -3. Let g be o(l). What is the greatest common divisor of g and 33?
11
Suppose -3*w + 10 - 1 = 0. Suppose 589 = 5*q + v, -2*q + 2*v + 238 = w*v. What is the highest common divisor of q and 13?
13
Suppose -5*l = -0*l - 4*n - 268, 5*n = 4*l - 209. Suppose -836 = -5*v - 801. Calculate the greatest common factor of v and l.
7
Let t(v) = -34*v - 3. Let u be t(-3). Let f be (4*2)/(0 - -1). Suppose -f*d + 3*d = -55. Calculate the greatest common factor of d and u.
11
Let r(u) = -u**3 + 12*u**2 - 11*u - 3. Let b be r(11). Let j be 2 - (-6 - b)/3. Calculate the highest common divisor of j and 9.
3
Let c be (9/(-4))/((-6)/80). Let m = c - 16. Calculate the greatest common factor of 7 and m.
7
Let c(b) = 33*b - 2. Let q be c(2). What is the greatest common divisor of q and 160?
32
Let q = 101 - 214. Let a = -47 - q. Let z(k) = -3*k**3 - 10*k**2 - 10*k + 1. Let t be z(-3). Calculate the highest common factor of t and a.
22
Suppose -5*t + 2*m + 91 - 10 = 0, 72 = 4*t - 4*m. Let o = -8 + 23. Calculate the greatest common divisor of o and t.
15
Suppose 346 = -0*j - 2*j. Let t = 338 + j. Let i(k) = -k**3 - 6*k**2 + 5*k + 1. Let g be i(-7). What is the greatest common divisor of t and g?
15
Suppose 4*x = 2*y + 112, -5*y + 0*y - 10 = 0. Calculate the greatest common factor of 243 and x.
27
Let g(w) = -16*w**3 + w**2 + 2*w + 1. Suppose 7*h = 4*h + 6. Suppose 3*z + h = -1. Let c be g(z). Calculate the gre